ime factors of 19761323.
19761323
List the prime factors of 1433708958.
2, 3, 11, 21722863
List the prime factors of 68360218.
2, 34180109
List the prime factors of 253264027.
253264027
List the prime factors of 5997771575.
5, 3671, 65353
List the prime factors of 124810991.
17, 31, 47, 5039
List the prime factors of 800811315.
3, 5, 17795807
What are the prime factors of 2208680035?
5, 17, 37, 702283
List the prime factors of 8078941908.
2, 3, 313, 716981
What are the prime factors of 3018184581?
3, 263, 3825329
List the prime factors of 257627168.
2, 109, 233, 317
What are the prime factors of 11763585?
3, 5, 73, 3581
What are the prime factors of 4725887481?
3, 7, 211, 355517
List the prime factors of 447479685.
3, 5, 9943993
What are the prime factors of 45385493?
29, 1565017
What are the prime factors of 389002409?
19, 47, 101, 227
What are the prime factors of 3293235352?
2, 11, 37423129
What are the prime factors of 24441434?
2, 12220717
What are the prime factors of 410751586?
2, 7, 17, 1093, 1579
List the prime factors of 2311302808.
2, 97, 2978483
What are the prime factors of 2099012?
2, 53, 9901
List the prime factors of 202339892.
2, 19, 467, 5701
What are the prime factors of 5710410?
2, 3, 5, 67, 947
What are the prime factors of 63015465?
3, 5, 193, 21767
What are the prime factors of 46294035?
3, 5, 3086269
What are the prime factors of 11868344?
2, 43, 34501
What are the prime factors of 4131472?
2, 149, 1733
What are the prime factors of 3254275?
5, 130171
List the prime factors of 3559254058.
2, 191, 9317419
What are the prime factors of 228101243?
2137, 106739
List the prime factors of 60262476.
2, 3, 1091, 4603
What are the prime factors of 11746147?
7, 1678021
List the prime factors of 240404867.
29, 809, 10247
List the prime factors of 994926051.
3, 7, 19, 461, 601
List the prime factors of 3389488204.
2, 19, 41, 57251
What are the prime factors of 28250169?
3, 19, 495617
List the prime factors of 96437033.
7, 11, 1252429
What are the prime factors of 6460340065?
5, 2017, 640589
List the prime factors of 26040805.
5, 7, 157, 677
List the prime factors of 144621416.
2, 18077677
List the prime factors of 7983791705.
5, 173, 401, 23017
What are the prime factors of 2326672612?
2, 11, 191, 251, 1103
What are the prime factors of 14110933?
269, 52457
List the prime factors of 2813059249.
7, 11, 13, 216173
What are the prime factors of 76547141?
11, 17, 199
What are the prime factors of 2587563786?
2, 3, 43, 127, 157, 503
What are the prime factors of 2513014866?
2, 3, 139611937
List the prime factors of 189397152.
2, 3, 7, 13421
List the prime factors of 314782120.
2, 5, 19, 239, 1733
What are the prime factors of 562282948?
2, 140570737
List the prime factors of 176320315.
5, 35264063
List the prime factors of 2770093250.
2, 5, 41, 131, 2063
What are the prime factors of 1639215160?
2, 5, 11, 3725489
What are the prime factors of 3215023157?
139, 23129663
List the prime factors of 68940581.
227, 303703
What are the prime factors of 44328090?
2, 3, 5, 61, 24223
List the prime factors of 152610640.
2, 5, 7, 13, 20963
List the prime factors of 716938349.
97, 7391117
List the prime factors of 46084706.
2, 23042353
List the prime factors of 115454594.
2, 997, 57901
List the prime factors of 130917387.
3, 41, 307, 3467
List the prime factors of 55960578.
2, 3, 1036307
What are the prime factors of 49604554?
2, 19, 1305383
What are the prime factors of 199339958?
2, 99669979
What are the prime factors of 45498587?
45498587
What are the prime factors of 150557765?
5, 1097, 27449
List the prime factors of 3606674.
2, 1803337
List the prime factors of 518321235.
3, 5, 19, 103, 17657
What are the prime factors of 710114299?
53, 13398383
List the prime factors of 7147303.
7147303
What are the prime factors of 347793995?
5, 239, 291041
What are the prime factors of 15017960?
2, 5, 375449
List the prime factors of 21368216.
2, 41, 65147
What are the prime factors of 2558192817?
3, 53, 303571
List the prime factors of 3654774.
2, 3, 53, 1277
List the prime factors of 72837148.
2, 83, 219389
List the prime factors of 97742903.
1747, 55949
List the prime factors of 184259865.
3, 5, 307, 40013
What are the prime factors of 16007609?
23, 223, 3121
What are the prime factors of 770531276?
2, 29, 43, 179, 863
What are the prime factors of 130071379?
577, 225427
List the prime factors of 1146987835.
5, 7, 157, 29819
What are the prime factors of 147356658?
2, 3, 193, 1571
What are the prime factors of 26461489?
281, 94169
List the prime factors of 74756737.
11, 6796067
List the prime factors of 707472368.
2, 44217023
List the prime factors of 89185192.
2, 11148149
List the prime factors of 10846724.
2, 7, 103, 3761
What are the prime factors of 132452731?
1367, 96893
List the prime factors of 24764493.
3, 13, 101, 6287
List the prime factors of 117836513.
113, 809, 1289
What are the prime factors of 2863969157?
7, 2441, 167611
What are the prime factors of 44139433?
13, 79, 42979
What are the prime factors of 60316166?
2, 23, 41, 31981
List the prime factors of 347343741.
3, 12864583
What are the prime factors of 144919103?
7, 61, 339389
What are the prime factors of 3019330705?
5, 603866141
What are the prime factors of 291427878?
2, 3, 7, 71, 97729
What are the prime factors of 1209508119?
3, 14932199
What are the prime factors of 4040495077?
17, 23, 10333747
List the prime factors of 70565399.
359, 196561
List the prime factors of 607050065.
5, 121410013
What are the prime factors of 48703255?
5, 9740651
List the prime factors of 1234377369.
3, 6271, 21871
What are the prime factors of 221405773?
17, 223, 58403
List the prime factors of 13783287.
3, 7, 656347
List the prime factors of 2454306377.
653, 3758509
What are the prime factors of 3054196173?
3, 7, 19, 7654627
List the prime factors of 2578912033.
3529, 730777
What are the prime factors of 757678308?
2, 3, 181, 348839
What are the prime factors of 996154508?
2, 17, 14649331
What are the prime factors of 2280836846?
2, 83, 13739981
List the prime factors of 259035150.
2, 3, 5, 11, 37, 4243
List the prime factors of 6263650055.
5, 13, 96363847
What are the prime factors of 26835577?
67, 293, 1367
List the prime factors of 180617240.
2, 5, 47, 191, 503
What are the prime factors of 73765297?
173, 426389
List the prime factors of 824332505.
5, 164866501
What are the prime factors of 2868951072?
2, 3, 13, 2298839
List the prime factors of 134668871.
1117, 120563
List the prime factors of 215151538.
2, 7, 2383, 6449
What are the prime factors of 142887909?
3, 47629303
List the prime factors of 4701655131.
3, 29, 43, 443, 2837
List the prime factors of 127228743.
3, 31, 593, 769
List the prime factors of 82031494.
2, 17, 347, 409
What are the prime factors of 276809615?
5, 191, 289853
List the prime factors of 1418340649.
11, 128940059
List the prime factors of 172741934.
2, 86370967
What are the prime factors of 839871896?
2, 19, 5525473
List the prime factors of 2873305982.
2, 409, 1439, 2441
What are the prime factors of 1281407180?
2, 5, 64070359
What are the prime factors of 660215067?
3, 220071689
List the prime factors of 1545337456.
2, 13, 181, 41047
List the prime factors of 48528515.
5, 7, 79, 17551
List the prime factors of 56547465.
3, 5, 13, 289987
List the prime factors of 313097055.
3, 5, 31, 673327
List the prime factors of 142730303.
142730303
What are the prime factors of 209214387?
3, 7748681
What are the prime factors of 1391293979?
1391293979
List the prime factors of 184755139.
229, 806791
What are the prime factors of 348912664?
2, 37, 43, 79, 347
What are the prime factors of 174613103?
7, 17, 1467337
List the prime factors of 16536622.
2, 317, 26083
What are the prime factors of 77368841?
11, 239, 29429
What are the prime factors of 328096603?
311, 613, 1721
List the prime factors of 510689012.
2, 751, 170003
What are the prime factors of 4244746845?
3, 5, 282983123
List the prime factors of 619343825.
5, 24773753
What are the prime factors of 146436181?
17, 8613893
List the prime factors of 149542547.
7, 11, 1942111
What are the prime factors of 293108136?
2, 3, 19, 23, 27947
What are the prime factors of 141708254?
2, 31, 1019, 2243
What are the prime factors 